{"id":336,"date":"2024-01-10T19:53:00","date_gmt":"2024-01-10T19:53:00","guid":{"rendered":"https:\/\/ajanossavoz.pt\/?page_id=336"},"modified":"2024-01-10T19:53:16","modified_gmt":"2024-01-10T19:53:16","slug":"violencia-no-namoro","status":"publish","type":"page","link":"https:\/\/ajanossavoz.pt\/index.php\/violencia-no-namoro\/","title":{"rendered":"Dialogue Dinner \u201cA Nossa Voz\u201d"},"content":{"rendered":"\n<p>Segundo o estudo da CIG de 2023, <strong>67,5%<\/strong> dos jovens participantes n\u00e3o percecionam como viol\u00eancia no namoro alguns destes comportamentos: <\/p>\n\n\n\n<ul class=\"wp-block-list\">\n<li>Controlo (53,1%)<\/li>\n\n\n\n<li>Viol\u00eancia Psicol\u00f3gica (36,8%)<\/li>\n\n\n\n<li>Viol\u00eancia Sexual (31,2%)<\/li>\n\n\n\n<li>Viol\u00eancia psicol\u00f3gica (36,8%)<\/li>\n\n\n\n<li>Viol\u00eancia sexual (31,2%)<\/li>\n\n\n\n<li>Persegui\u00e7\u00e3o (25,5%)<\/li>\n\n\n\n<li>Viol\u00eancia atrav\u00e9s das redes sociais (22,1%)<\/li>\n\n\n\n<li>Viol\u00eancia f\u00edsica (9,6%)<\/li>\n<\/ul>\n\n\n\n<p>Acresce, que 35,7% n\u00e3o considera viol\u00eancia no namoro <strong>pegar no telem\u00f3vel ou entrar nas redes sociais sem autoriza\u00e7\u00e3o<\/strong>, 30,7% <strong>insultar durante uma discuss\u00e3o\/zanga<\/strong> e 8,6% <strong>magoar fisicamente sem deixar marcas<\/strong>. <\/p>\n\n\n\n<p>Em consequ\u00eancia da legitima\u00e7\u00e3o ou n\u00e3o conscientiza\u00e7\u00e3o do que \u00e9 a viol\u00eancia no namoro, em <strong>2020 houve apenas 69 den\u00fancias<\/strong>, tendo 53,6% de ex-v\u00edtimas, 37,7% de testemunhas e 8,7% de atuais v\u00edtimas. <\/p>\n\n\n\n<p>A m\u00e9dia das idades das v\u00edtimas \u00e9 de <strong>24 anos<\/strong>, sendo 62,3% estudantes. <\/p>\n\n\n\n<p>Este projeto pretende consciencializar com m\u00e9todos de educa\u00e7\u00e3o n\u00e3o formal os v\u00e1rios tipos de viol\u00eancia no namoro (viol\u00eancia f\u00edsica, viol\u00eancia psicol\u00f3gica, viol\u00eancia sexual, viol\u00eancia social e viol\u00eancia econ\u00f3mica) e da sua n\u00e3o aceita\u00e7\u00e3o, incluindo a divulga\u00e7\u00e3o das formas de den\u00fancia. <\/p>\n\n\n\n<p>Este projeto para al\u00e9m de abordar a tem\u00e1tica da viol\u00eancia do namoro, pretende relacionar esta tem\u00e1tica com a participa\u00e7\u00e3o dos jovens. Conscientizando os jovens que podem estar em um relacionamento ter uma vida c\u00edvica ativa, formando e incentivando a participa\u00e7\u00e3o (identificando os tipos de participa\u00e7\u00e3o juvenil) juvenil. <\/p>\n\n\n\n<blockquote class=\"wp-block-quote is-layout-flow wp-block-quote-is-layout-flow\">\n<blockquote class=\"wp-block-quote is-layout-flow wp-block-quote-is-layout-flow\">\n<p>&#8220;&#8230;a participa\u00e7\u00e3o juvenil e a coopera\u00e7\u00e3o e di\u00e1logo entre agentes, pol\u00edticos e jovens \u00e9 fundamental para a constru\u00e7\u00e3o de uma Europa mais igualit\u00e1ria, justa, onde os direitos humanos, a democracia e aprendizagem intercultural e os seus valores subjacentes s\u00e3o uma realidade para cada cidad\u00e3o europeu&#8221;.<\/p>\n<cite>CJL, \u00abJuventude e Cidadania | Educa\u00e7\u00e3o e Participa\u00e7\u00e3o\u00bb<\/cite><\/blockquote>\n<\/blockquote>\n\n\n\n<p>Na Carta europeia revista da participa\u00e7\u00e3o dos e das jovens na vida local e regional (Comiss\u00e3o Europeia), a participa\u00e7\u00e3o e a cidadania ativa contribuem para a constru\u00e7\u00e3o de uma sociedade melhor.<\/p>\n\n\n\n<p>Este foi um projeto realizado, ao abrigo do Programa &#8220;Namorar com Fair Play&#8221; do IPDJ. Contou com a participa\u00e7\u00e3o de 6 volunt\u00e1rios.<\/p>\n\n\n\n<p>O financiamento total do projeto foi:<\/p>\n\n\n\n<ul class=\"wp-block-list\">\n<li>384,00\u20ac &#8211; Volunt\u00e1rios<\/li>\n\n\n\n<li>200,00\u20ac &#8211; Valor de Gest\u00e3o (Papel Flip Chart; Flip Chart; Cartas jogo pedag\u00f3gico sobre viol\u00eancia no namoro e Projetor Port\u00e1til).<\/li>\n<\/ul>\n","protected":false},"excerpt":{"rendered":"<p>Segundo o estudo da CIG de 2023, 67,5% dos jovens participantes n\u00e3o percecionam como viol\u00eancia no namoro alguns destes comportamentos: Acresce, que 35,7% n\u00e3o considera viol\u00eancia no namoro pegar no telem\u00f3vel ou entrar nas redes sociais sem autoriza\u00e7\u00e3o, 30,7% insultar durante uma discuss\u00e3o\/zanga e 8,6% magoar fisicamente sem deixar marcas. Em consequ\u00eancia da legitima\u00e7\u00e3o ou [&hellip;]<\/p>\n","protected":false},"author":1,"featured_media":337,"parent":0,"menu_order":0,"comment_status":"closed","ping_status":"closed","template":"","meta":{"_bbp_topic_count":0,"_bbp_reply_count":0,"_bbp_total_topic_count":0,"_bbp_total_reply_count":0,"_bbp_voice_count":0,"_bbp_anonymous_reply_count":0,"_bbp_topic_count_hidden":0,"_bbp_reply_count_hidden":0,"_bbp_forum_subforum_count":0,"_editorskit_title_hidden":false,"_editorskit_reading_time":0,"_editorskit_is_block_options_detached":false,"_editorskit_block_options_position":"{}","_eb_attr":"","footnotes":""},"class_list":["post-336","page","type-page","status-publish","has-post-thumbnail","hentry"],"yoast_head":"<!-- This site is optimized with the Yoast SEO plugin v26.6 - https:\/\/yoast.com\/wordpress\/plugins\/seo\/ -->\n<title>Dialogue Dinner \u201cA Nossa Voz\u201d - Associa\u00e7\u00e3o Juvenil A Nossa Voz<\/title>\n<meta name=\"description\" content=\"Este projeto pretende consciencializar com m\u00e9todos de educa\u00e7\u00e3o n\u00e3o formal os v\u00e1rios tipos de viol\u00eancia no namoro (viol\u00eancia f\u00edsica, viol\u00eancia psicol\u00f3gica, viol\u00eancia sexual, viol\u00eancia social e viol\u00eancia econ\u00f3mica) e da sua n\u00e3o aceita\u00e7\u00e3o, incluindo a divulga\u00e7\u00e3o das formas de den\u00fancia.\" \/>\n<meta name=\"robots\" content=\"index, follow, max-snippet:-1, max-image-preview:large, max-video-preview:-1\" \/>\n<link rel=\"canonical\" href=\"https:\/\/ajanossavoz.pt\/index.php\/violencia-no-namoro\/\" \/>\n<meta property=\"og:locale\" content=\"pt_PT\" \/>\n<meta property=\"og:type\" content=\"article\" \/>\n<meta property=\"og:title\" content=\"Dialogue Dinner \u201cA Nossa Voz\u201d - Associa\u00e7\u00e3o Juvenil A Nossa Voz\" \/>\n<meta property=\"og:description\" content=\"Este projeto pretende consciencializar com m\u00e9todos de educa\u00e7\u00e3o n\u00e3o formal os v\u00e1rios tipos de viol\u00eancia no namoro (viol\u00eancia f\u00edsica, viol\u00eancia psicol\u00f3gica, viol\u00eancia sexual, viol\u00eancia social e viol\u00eancia econ\u00f3mica) e da sua n\u00e3o aceita\u00e7\u00e3o, incluindo a divulga\u00e7\u00e3o das formas de den\u00fancia.\" \/>\n<meta property=\"og:url\" content=\"https:\/\/ajanossavoz.pt\/index.php\/violencia-no-namoro\/\" \/>\n<meta property=\"og:site_name\" content=\"Associa\u00e7\u00e3o Juvenil A Nossa Voz\" \/>\n<meta property=\"article:publisher\" content=\"https:\/\/www.facebook.com\/profile.php?id=100089819282874\" \/>\n<meta property=\"article:modified_time\" content=\"2024-01-10T19:53:16+00:00\" \/>\n<meta property=\"og:image\" content=\"https:\/\/ajanossavoz.pt\/wp-content\/uploads\/2024\/01\/Copia-de-Como-tudo-comecou.png\" \/>\n\t<meta property=\"og:image:width\" content=\"1920\" \/>\n\t<meta property=\"og:image:height\" content=\"1080\" \/>\n\t<meta property=\"og:image:type\" content=\"image\/png\" \/>\n<meta name=\"twitter:card\" content=\"summary_large_image\" \/>\n<meta name=\"twitter:label1\" content=\"Tempo estimado de leitura\" \/>\n\t<meta name=\"twitter:data1\" content=\"2 minutos\" \/>\n<script type=\"application\/ld+json\" class=\"yoast-schema-graph\">{\"@context\":\"https:\/\/schema.org\",\"@graph\":[{\"@type\":\"WebPage\",\"@id\":\"https:\/\/ajanossavoz.pt\/index.php\/violencia-no-namoro\/\",\"url\":\"https:\/\/ajanossavoz.pt\/index.php\/violencia-no-namoro\/\",\"name\":\"Dialogue Dinner \u201cA Nossa Voz\u201d - Associa\u00e7\u00e3o Juvenil A Nossa Voz\",\"isPartOf\":{\"@id\":\"https:\/\/ajanossavoz.pt\/#website\"},\"primaryImageOfPage\":{\"@id\":\"https:\/\/ajanossavoz.pt\/index.php\/violencia-no-namoro\/#primaryimage\"},\"image\":{\"@id\":\"https:\/\/ajanossavoz.pt\/index.php\/violencia-no-namoro\/#primaryimage\"},\"thumbnailUrl\":\"https:\/\/ajanossavoz.pt\/wp-content\/uploads\/2024\/01\/Copia-de-Como-tudo-comecou.png\",\"datePublished\":\"2024-01-10T19:53:00+00:00\",\"dateModified\":\"2024-01-10T19:53:16+00:00\",\"description\":\"Este projeto pretende consciencializar com m\u00e9todos de educa\u00e7\u00e3o n\u00e3o formal os v\u00e1rios tipos de viol\u00eancia no namoro (viol\u00eancia f\u00edsica, viol\u00eancia psicol\u00f3gica, viol\u00eancia sexual, viol\u00eancia social e viol\u00eancia econ\u00f3mica) e da sua n\u00e3o aceita\u00e7\u00e3o, incluindo a divulga\u00e7\u00e3o das formas de den\u00fancia.\",\"breadcrumb\":{\"@id\":\"https:\/\/ajanossavoz.pt\/index.php\/violencia-no-namoro\/#breadcrumb\"},\"inLanguage\":\"pt-PT\",\"potentialAction\":[{\"@type\":\"ReadAction\",\"target\":[\"https:\/\/ajanossavoz.pt\/index.php\/violencia-no-namoro\/\"]}]},{\"@type\":\"ImageObject\",\"inLanguage\":\"pt-PT\",\"@id\":\"https:\/\/ajanossavoz.pt\/index.php\/violencia-no-namoro\/#primaryimage\",\"url\":\"https:\/\/ajanossavoz.pt\/wp-content\/uploads\/2024\/01\/Copia-de-Como-tudo-comecou.png\",\"contentUrl\":\"https:\/\/ajanossavoz.pt\/wp-content\/uploads\/2024\/01\/Copia-de-Como-tudo-comecou.png\",\"width\":1920,\"height\":1080},{\"@type\":\"BreadcrumbList\",\"@id\":\"https:\/\/ajanossavoz.pt\/index.php\/violencia-no-namoro\/#breadcrumb\",\"itemListElement\":[{\"@type\":\"ListItem\",\"position\":1,\"name\":\"In\u00edcio\",\"item\":\"https:\/\/ajanossavoz.pt\/\"},{\"@type\":\"ListItem\",\"position\":2,\"name\":\"Dialogue Dinner \u201cA Nossa Voz\u201d\"}]},{\"@type\":\"WebSite\",\"@id\":\"https:\/\/ajanossavoz.pt\/#website\",\"url\":\"https:\/\/ajanossavoz.pt\/\",\"name\":\"Associa\u00e7\u00e3o Juvenil A Nossa Voz\",\"description\":\"Sobre n\u00f3s: Somos uma associa\u00e7\u00e3o juvenil, sediada na Quinta do Conde, fundada a 26 de dezembro de 2022. O nosso objetivo \u00e9 que os jovens participem na comunidade.\",\"publisher\":{\"@id\":\"https:\/\/ajanossavoz.pt\/#organization\"},\"alternateName\":\"A Nossa Voz\",\"potentialAction\":[{\"@type\":\"SearchAction\",\"target\":{\"@type\":\"EntryPoint\",\"urlTemplate\":\"https:\/\/ajanossavoz.pt\/?s={search_term_string}\"},\"query-input\":{\"@type\":\"PropertyValueSpecification\",\"valueRequired\":true,\"valueName\":\"search_term_string\"}}],\"inLanguage\":\"pt-PT\"},{\"@type\":\"Organization\",\"@id\":\"https:\/\/ajanossavoz.pt\/#organization\",\"name\":\"Associa\u00e7\u00e3o Juvenil A Nossa Voz\",\"alternateName\":\"A Nossa Voz\",\"url\":\"https:\/\/ajanossavoz.pt\/\",\"logo\":{\"@type\":\"ImageObject\",\"inLanguage\":\"pt-PT\",\"@id\":\"https:\/\/ajanossavoz.pt\/#\/schema\/logo\/image\/\",\"url\":\"https:\/\/ajanossavoz.pt\/wp-content\/uploads\/2024\/01\/cropped-A-Nossa-Voz-2-1-1.png\",\"contentUrl\":\"https:\/\/ajanossavoz.pt\/wp-content\/uploads\/2024\/01\/cropped-A-Nossa-Voz-2-1-1.png\",\"width\":499,\"height\":479,\"caption\":\"Associa\u00e7\u00e3o Juvenil A Nossa Voz\"},\"image\":{\"@id\":\"https:\/\/ajanossavoz.pt\/#\/schema\/logo\/image\/\"},\"sameAs\":[\"https:\/\/www.facebook.com\/profile.php?id=100089819282874\",\"https:\/\/www.instagram.com\/aj.anossavoz\/\"]}]}<\/script>\n<!-- \/ Yoast SEO plugin. -->","yoast_head_json":{"title":"Dialogue Dinner \u201cA Nossa Voz\u201d - Associa\u00e7\u00e3o Juvenil A Nossa Voz","description":"Este projeto pretende consciencializar com m\u00e9todos de educa\u00e7\u00e3o n\u00e3o formal os v\u00e1rios tipos de viol\u00eancia no namoro (viol\u00eancia f\u00edsica, viol\u00eancia psicol\u00f3gica, viol\u00eancia sexual, viol\u00eancia social e viol\u00eancia econ\u00f3mica) e da sua n\u00e3o aceita\u00e7\u00e3o, incluindo a divulga\u00e7\u00e3o das formas de den\u00fancia.","robots":{"index":"index","follow":"follow","max-snippet":"max-snippet:-1","max-image-preview":"max-image-preview:large","max-video-preview":"max-video-preview:-1"},"canonical":"https:\/\/ajanossavoz.pt\/index.php\/violencia-no-namoro\/","og_locale":"pt_PT","og_type":"article","og_title":"Dialogue Dinner \u201cA Nossa Voz\u201d - Associa\u00e7\u00e3o Juvenil A Nossa Voz","og_description":"Este projeto pretende consciencializar com m\u00e9todos de educa\u00e7\u00e3o n\u00e3o formal os v\u00e1rios tipos de viol\u00eancia no namoro (viol\u00eancia f\u00edsica, viol\u00eancia psicol\u00f3gica, viol\u00eancia sexual, viol\u00eancia social e viol\u00eancia econ\u00f3mica) e da sua n\u00e3o aceita\u00e7\u00e3o, incluindo a divulga\u00e7\u00e3o das formas de den\u00fancia.","og_url":"https:\/\/ajanossavoz.pt\/index.php\/violencia-no-namoro\/","og_site_name":"Associa\u00e7\u00e3o Juvenil A Nossa Voz","article_publisher":"https:\/\/www.facebook.com\/profile.php?id=100089819282874","article_modified_time":"2024-01-10T19:53:16+00:00","og_image":[{"width":1920,"height":1080,"url":"https:\/\/ajanossavoz.pt\/wp-content\/uploads\/2024\/01\/Copia-de-Como-tudo-comecou.png","type":"image\/png"}],"twitter_card":"summary_large_image","twitter_misc":{"Tempo estimado de leitura":"2 minutos"},"schema":{"@context":"https:\/\/schema.org","@graph":[{"@type":"WebPage","@id":"https:\/\/ajanossavoz.pt\/index.php\/violencia-no-namoro\/","url":"https:\/\/ajanossavoz.pt\/index.php\/violencia-no-namoro\/","name":"Dialogue Dinner \u201cA Nossa Voz\u201d - Associa\u00e7\u00e3o Juvenil A Nossa Voz","isPartOf":{"@id":"https:\/\/ajanossavoz.pt\/#website"},"primaryImageOfPage":{"@id":"https:\/\/ajanossavoz.pt\/index.php\/violencia-no-namoro\/#primaryimage"},"image":{"@id":"https:\/\/ajanossavoz.pt\/index.php\/violencia-no-namoro\/#primaryimage"},"thumbnailUrl":"https:\/\/ajanossavoz.pt\/wp-content\/uploads\/2024\/01\/Copia-de-Como-tudo-comecou.png","datePublished":"2024-01-10T19:53:00+00:00","dateModified":"2024-01-10T19:53:16+00:00","description":"Este projeto pretende consciencializar com m\u00e9todos de educa\u00e7\u00e3o n\u00e3o formal os v\u00e1rios tipos de viol\u00eancia no namoro (viol\u00eancia f\u00edsica, viol\u00eancia psicol\u00f3gica, viol\u00eancia sexual, viol\u00eancia social e viol\u00eancia econ\u00f3mica) e da sua n\u00e3o aceita\u00e7\u00e3o, incluindo a divulga\u00e7\u00e3o das formas de den\u00fancia.","breadcrumb":{"@id":"https:\/\/ajanossavoz.pt\/index.php\/violencia-no-namoro\/#breadcrumb"},"inLanguage":"pt-PT","potentialAction":[{"@type":"ReadAction","target":["https:\/\/ajanossavoz.pt\/index.php\/violencia-no-namoro\/"]}]},{"@type":"ImageObject","inLanguage":"pt-PT","@id":"https:\/\/ajanossavoz.pt\/index.php\/violencia-no-namoro\/#primaryimage","url":"https:\/\/ajanossavoz.pt\/wp-content\/uploads\/2024\/01\/Copia-de-Como-tudo-comecou.png","contentUrl":"https:\/\/ajanossavoz.pt\/wp-content\/uploads\/2024\/01\/Copia-de-Como-tudo-comecou.png","width":1920,"height":1080},{"@type":"BreadcrumbList","@id":"https:\/\/ajanossavoz.pt\/index.php\/violencia-no-namoro\/#breadcrumb","itemListElement":[{"@type":"ListItem","position":1,"name":"In\u00edcio","item":"https:\/\/ajanossavoz.pt\/"},{"@type":"ListItem","position":2,"name":"Dialogue Dinner \u201cA Nossa Voz\u201d"}]},{"@type":"WebSite","@id":"https:\/\/ajanossavoz.pt\/#website","url":"https:\/\/ajanossavoz.pt\/","name":"Associa\u00e7\u00e3o Juvenil A Nossa Voz","description":"Sobre n\u00f3s: Somos uma associa\u00e7\u00e3o juvenil, sediada na Quinta do Conde, fundada a 26 de dezembro de 2022. O nosso objetivo \u00e9 que os jovens participem na comunidade.","publisher":{"@id":"https:\/\/ajanossavoz.pt\/#organization"},"alternateName":"A Nossa Voz","potentialAction":[{"@type":"SearchAction","target":{"@type":"EntryPoint","urlTemplate":"https:\/\/ajanossavoz.pt\/?s={search_term_string}"},"query-input":{"@type":"PropertyValueSpecification","valueRequired":true,"valueName":"search_term_string"}}],"inLanguage":"pt-PT"},{"@type":"Organization","@id":"https:\/\/ajanossavoz.pt\/#organization","name":"Associa\u00e7\u00e3o Juvenil A Nossa Voz","alternateName":"A Nossa Voz","url":"https:\/\/ajanossavoz.pt\/","logo":{"@type":"ImageObject","inLanguage":"pt-PT","@id":"https:\/\/ajanossavoz.pt\/#\/schema\/logo\/image\/","url":"https:\/\/ajanossavoz.pt\/wp-content\/uploads\/2024\/01\/cropped-A-Nossa-Voz-2-1-1.png","contentUrl":"https:\/\/ajanossavoz.pt\/wp-content\/uploads\/2024\/01\/cropped-A-Nossa-Voz-2-1-1.png","width":499,"height":479,"caption":"Associa\u00e7\u00e3o Juvenil A Nossa Voz"},"image":{"@id":"https:\/\/ajanossavoz.pt\/#\/schema\/logo\/image\/"},"sameAs":["https:\/\/www.facebook.com\/profile.php?id=100089819282874","https:\/\/www.instagram.com\/aj.anossavoz\/"]}]}},"_links":{"self":[{"href":"https:\/\/ajanossavoz.pt\/index.php\/wp-json\/wp\/v2\/pages\/336","targetHints":{"allow":["GET"]}}],"collection":[{"href":"https:\/\/ajanossavoz.pt\/index.php\/wp-json\/wp\/v2\/pages"}],"about":[{"href":"https:\/\/ajanossavoz.pt\/index.php\/wp-json\/wp\/v2\/types\/page"}],"author":[{"embeddable":true,"href":"https:\/\/ajanossavoz.pt\/index.php\/wp-json\/wp\/v2\/users\/1"}],"replies":[{"embeddable":true,"href":"https:\/\/ajanossavoz.pt\/index.php\/wp-json\/wp\/v2\/comments?post=336"}],"version-history":[{"count":2,"href":"https:\/\/ajanossavoz.pt\/index.php\/wp-json\/wp\/v2\/pages\/336\/revisions"}],"predecessor-version":[{"id":720,"href":"https:\/\/ajanossavoz.pt\/index.php\/wp-json\/wp\/v2\/pages\/336\/revisions\/720"}],"wp:featuredmedia":[{"embeddable":true,"href":"https:\/\/ajanossavoz.pt\/index.php\/wp-json\/wp\/v2\/media\/337"}],"wp:attachment":[{"href":"https:\/\/ajanossavoz.pt\/index.php\/wp-json\/wp\/v2\/media?parent=336"}],"curies":[{"name":"wp","href":"https:\/\/api.w.org\/{rel}","templated":true}]}}