{"id":390,"date":"2024-03-01T10:00:28","date_gmt":"2024-03-01T10:00:28","guid":{"rendered":"https:\/\/ajanossavoz.pt\/?page_id=390"},"modified":"2024-09-25T10:52:59","modified_gmt":"2024-09-25T10:52:59","slug":"objetivos-de-desenvolvimento-sustentavel-ods","status":"publish","type":"page","link":"https:\/\/ajanossavoz.pt\/index.php\/objetivos-de-desenvolvimento-sustentavel-ods\/","title":{"rendered":"Objetivos de Desenvolvimento Sustent\u00e1vel (ODS)"},"content":{"rendered":"\n<div class=\"wp-block-essential-blocks-image-comparison  root-eb-image-comparison-em3xj\"><div class=\"eb-parent-wrapper eb-parent-eb-image-comparison-em3xj \"><div class=\"eb-image-comparison-wrapper eb-image-comparison-em3xj eb-image-comparison-align-center eb-label-horizontal-center\" data-left-image=\"https:\/\/ajanossavoz.pt\/wp-content\/uploads\/2024\/04\/WhatsApp-Image-2024-04-26-at-17.04.12.jpeg\" data-right-image=\"https:\/\/ajanossavoz.pt\/wp-content\/uploads\/2024\/04\/WhatsApp-Image-2024-04-26-at-17.04.13-1.jpeg\" data-vertical-mode=\"false\" data-hover=\"false\" data-show-label=\"false\" data-left-label=\"Before\" data-right-label=\"After\" data-slider-position=\"50\" data-line-width=\"4\" data-handle=\"false\"><div data-testid=\"container\"><img decoding=\"async\" alt=\"Left Image\" src=\"https:\/\/ajanossavoz.pt\/wp-content\/uploads\/2024\/04\/WhatsApp-Image-2024-04-26-at-17.04.12.jpeg\" data-testid=\"left-image\"\/><img decoding=\"async\" alt=\"Right Image\" src=\"https:\/\/ajanossavoz.pt\/wp-content\/uploads\/2024\/04\/WhatsApp-Image-2024-04-26-at-17.04.13-1.jpeg\" data-testid=\"right-image\"\/><\/div><\/div><\/div><\/div>\n\n\n\n<figure class=\"wp-block-image alignfull size-large\"><img fetchpriority=\"high\" decoding=\"async\" width=\"768\" height=\"1024\" src=\"https:\/\/ajanossavoz.pt\/wp-content\/uploads\/2024\/04\/WhatsApp-Image-2024-04-26-at-17.04.13-768x1024.jpeg\" alt=\"\" class=\"wp-image-414\" srcset=\"https:\/\/ajanossavoz.pt\/wp-content\/uploads\/2024\/04\/WhatsApp-Image-2024-04-26-at-17.04.13-768x1024.jpeg 768w, https:\/\/ajanossavoz.pt\/wp-content\/uploads\/2024\/04\/WhatsApp-Image-2024-04-26-at-17.04.13-225x300.jpeg 225w, https:\/\/ajanossavoz.pt\/wp-content\/uploads\/2024\/04\/WhatsApp-Image-2024-04-26-at-17.04.13-1152x1536.jpeg 1152w, https:\/\/ajanossavoz.pt\/wp-content\/uploads\/2024\/04\/WhatsApp-Image-2024-04-26-at-17.04.13.jpeg 1530w\" sizes=\"(max-width: 768px) 100vw, 768px\" \/><\/figure>\n","protected":false},"excerpt":{"rendered":"","protected":false},"author":1,"featured_media":0,"parent":0,"menu_order":0,"comment_status":"closed","ping_status":"closed","template":"page-full-width.php","meta":{"_bbp_topic_count":0,"_bbp_reply_count":0,"_bbp_total_topic_count":0,"_bbp_total_reply_count":0,"_bbp_voice_count":0,"_bbp_anonymous_reply_count":0,"_bbp_topic_count_hidden":0,"_bbp_reply_count_hidden":0,"_bbp_forum_subforum_count":0,"_editorskit_title_hidden":false,"_editorskit_reading_time":0,"_editorskit_is_block_options_detached":false,"_editorskit_block_options_position":"{}","_eb_attr":"","footnotes":""},"class_list":["post-390","page","type-page","status-publish","hentry"],"yoast_head":"<!-- This site is optimized with the Yoast SEO plugin v26.6 - https:\/\/yoast.com\/wordpress\/plugins\/seo\/ -->\n<title>Objetivos de Desenvolvimento Sustent\u00e1vel (ODS) - Associa\u00e7\u00e3o Juvenil A Nossa Voz<\/title>\n<meta name=\"robots\" content=\"index, follow, max-snippet:-1, max-image-preview:large, max-video-preview:-1\" \/>\n<link rel=\"canonical\" href=\"https:\/\/ajanossavoz.pt\/index.php\/objetivos-de-desenvolvimento-sustentavel-ods\/\" \/>\n<meta property=\"og:locale\" content=\"pt_PT\" \/>\n<meta property=\"og:type\" content=\"article\" \/>\n<meta property=\"og:title\" content=\"Objetivos de Desenvolvimento Sustent\u00e1vel (ODS) - Associa\u00e7\u00e3o Juvenil A Nossa Voz\" \/>\n<meta property=\"og:url\" content=\"https:\/\/ajanossavoz.pt\/index.php\/objetivos-de-desenvolvimento-sustentavel-ods\/\" \/>\n<meta property=\"og:site_name\" content=\"Associa\u00e7\u00e3o Juvenil A Nossa Voz\" \/>\n<meta property=\"article:publisher\" content=\"https:\/\/www.facebook.com\/profile.php?id=100089819282874\" \/>\n<meta property=\"article:modified_time\" content=\"2024-09-25T10:52:59+00:00\" \/>\n<meta property=\"og:image\" content=\"https:\/\/ajanossavoz.pt\/wp-content\/uploads\/2024\/04\/WhatsApp-Image-2024-04-26-at-17.04.12.jpeg\" \/>\n<meta name=\"twitter:card\" content=\"summary_large_image\" \/>\n<meta name=\"twitter:label1\" content=\"Tempo estimado de leitura\" \/>\n\t<meta name=\"twitter:data1\" content=\"1 minuto\" \/>\n<script type=\"application\/ld+json\" class=\"yoast-schema-graph\">{\"@context\":\"https:\/\/schema.org\",\"@graph\":[{\"@type\":\"WebPage\",\"@id\":\"https:\/\/ajanossavoz.pt\/index.php\/objetivos-de-desenvolvimento-sustentavel-ods\/\",\"url\":\"https:\/\/ajanossavoz.pt\/index.php\/objetivos-de-desenvolvimento-sustentavel-ods\/\",\"name\":\"Objetivos de Desenvolvimento Sustent\u00e1vel (ODS) - Associa\u00e7\u00e3o Juvenil A Nossa Voz\",\"isPartOf\":{\"@id\":\"https:\/\/ajanossavoz.pt\/#website\"},\"primaryImageOfPage\":{\"@id\":\"https:\/\/ajanossavoz.pt\/index.php\/objetivos-de-desenvolvimento-sustentavel-ods\/#primaryimage\"},\"image\":{\"@id\":\"https:\/\/ajanossavoz.pt\/index.php\/objetivos-de-desenvolvimento-sustentavel-ods\/#primaryimage\"},\"thumbnailUrl\":\"https:\/\/ajanossavoz.pt\/wp-content\/uploads\/2024\/04\/WhatsApp-Image-2024-04-26-at-17.04.12.jpeg\",\"datePublished\":\"2024-03-01T10:00:28+00:00\",\"dateModified\":\"2024-09-25T10:52:59+00:00\",\"breadcrumb\":{\"@id\":\"https:\/\/ajanossavoz.pt\/index.php\/objetivos-de-desenvolvimento-sustentavel-ods\/#breadcrumb\"},\"inLanguage\":\"pt-PT\",\"potentialAction\":[{\"@type\":\"ReadAction\",\"target\":[\"https:\/\/ajanossavoz.pt\/index.php\/objetivos-de-desenvolvimento-sustentavel-ods\/\"]}]},{\"@type\":\"ImageObject\",\"inLanguage\":\"pt-PT\",\"@id\":\"https:\/\/ajanossavoz.pt\/index.php\/objetivos-de-desenvolvimento-sustentavel-ods\/#primaryimage\",\"url\":\"https:\/\/ajanossavoz.pt\/wp-content\/uploads\/2024\/04\/WhatsApp-Image-2024-04-26-at-17.04.12.jpeg\",\"contentUrl\":\"https:\/\/ajanossavoz.pt\/wp-content\/uploads\/2024\/04\/WhatsApp-Image-2024-04-26-at-17.04.12.jpeg\",\"width\":1530,\"height\":2040},{\"@type\":\"BreadcrumbList\",\"@id\":\"https:\/\/ajanossavoz.pt\/index.php\/objetivos-de-desenvolvimento-sustentavel-ods\/#breadcrumb\",\"itemListElement\":[{\"@type\":\"ListItem\",\"position\":1,\"name\":\"In\u00edcio\",\"item\":\"https:\/\/ajanossavoz.pt\/\"},{\"@type\":\"ListItem\",\"position\":2,\"name\":\"Objetivos de Desenvolvimento Sustent\u00e1vel (ODS)\"}]},{\"@type\":\"WebSite\",\"@id\":\"https:\/\/ajanossavoz.pt\/#website\",\"url\":\"https:\/\/ajanossavoz.pt\/\",\"name\":\"Associa\u00e7\u00e3o Juvenil A Nossa Voz\",\"description\":\"Sobre n\u00f3s: Somos uma associa\u00e7\u00e3o juvenil, sediada na Quinta do Conde, fundada a 26 de dezembro de 2022. O nosso objetivo \u00e9 que os jovens participem na comunidade.\",\"publisher\":{\"@id\":\"https:\/\/ajanossavoz.pt\/#organization\"},\"alternateName\":\"A Nossa Voz\",\"potentialAction\":[{\"@type\":\"SearchAction\",\"target\":{\"@type\":\"EntryPoint\",\"urlTemplate\":\"https:\/\/ajanossavoz.pt\/?s={search_term_string}\"},\"query-input\":{\"@type\":\"PropertyValueSpecification\",\"valueRequired\":true,\"valueName\":\"search_term_string\"}}],\"inLanguage\":\"pt-PT\"},{\"@type\":\"Organization\",\"@id\":\"https:\/\/ajanossavoz.pt\/#organization\",\"name\":\"Associa\u00e7\u00e3o Juvenil A Nossa Voz\",\"alternateName\":\"A Nossa Voz\",\"url\":\"https:\/\/ajanossavoz.pt\/\",\"logo\":{\"@type\":\"ImageObject\",\"inLanguage\":\"pt-PT\",\"@id\":\"https:\/\/ajanossavoz.pt\/#\/schema\/logo\/image\/\",\"url\":\"https:\/\/ajanossavoz.pt\/wp-content\/uploads\/2024\/01\/cropped-A-Nossa-Voz-2-1-1.png\",\"contentUrl\":\"https:\/\/ajanossavoz.pt\/wp-content\/uploads\/2024\/01\/cropped-A-Nossa-Voz-2-1-1.png\",\"width\":499,\"height\":479,\"caption\":\"Associa\u00e7\u00e3o Juvenil A Nossa Voz\"},\"image\":{\"@id\":\"https:\/\/ajanossavoz.pt\/#\/schema\/logo\/image\/\"},\"sameAs\":[\"https:\/\/www.facebook.com\/profile.php?id=100089819282874\",\"https:\/\/www.instagram.com\/aj.anossavoz\/\"]}]}<\/script>\n<!-- \/ Yoast SEO plugin. -->","yoast_head_json":{"title":"Objetivos de Desenvolvimento Sustent\u00e1vel (ODS) - Associa\u00e7\u00e3o Juvenil A Nossa Voz","robots":{"index":"index","follow":"follow","max-snippet":"max-snippet:-1","max-image-preview":"max-image-preview:large","max-video-preview":"max-video-preview:-1"},"canonical":"https:\/\/ajanossavoz.pt\/index.php\/objetivos-de-desenvolvimento-sustentavel-ods\/","og_locale":"pt_PT","og_type":"article","og_title":"Objetivos de Desenvolvimento Sustent\u00e1vel (ODS) - Associa\u00e7\u00e3o Juvenil A Nossa Voz","og_url":"https:\/\/ajanossavoz.pt\/index.php\/objetivos-de-desenvolvimento-sustentavel-ods\/","og_site_name":"Associa\u00e7\u00e3o Juvenil A Nossa Voz","article_publisher":"https:\/\/www.facebook.com\/profile.php?id=100089819282874","article_modified_time":"2024-09-25T10:52:59+00:00","og_image":[{"url":"https:\/\/ajanossavoz.pt\/wp-content\/uploads\/2024\/04\/WhatsApp-Image-2024-04-26-at-17.04.12.jpeg","type":"","width":"","height":""}],"twitter_card":"summary_large_image","twitter_misc":{"Tempo estimado de leitura":"1 minuto"},"schema":{"@context":"https:\/\/schema.org","@graph":[{"@type":"WebPage","@id":"https:\/\/ajanossavoz.pt\/index.php\/objetivos-de-desenvolvimento-sustentavel-ods\/","url":"https:\/\/ajanossavoz.pt\/index.php\/objetivos-de-desenvolvimento-sustentavel-ods\/","name":"Objetivos de Desenvolvimento Sustent\u00e1vel (ODS) - Associa\u00e7\u00e3o Juvenil A Nossa Voz","isPartOf":{"@id":"https:\/\/ajanossavoz.pt\/#website"},"primaryImageOfPage":{"@id":"https:\/\/ajanossavoz.pt\/index.php\/objetivos-de-desenvolvimento-sustentavel-ods\/#primaryimage"},"image":{"@id":"https:\/\/ajanossavoz.pt\/index.php\/objetivos-de-desenvolvimento-sustentavel-ods\/#primaryimage"},"thumbnailUrl":"https:\/\/ajanossavoz.pt\/wp-content\/uploads\/2024\/04\/WhatsApp-Image-2024-04-26-at-17.04.12.jpeg","datePublished":"2024-03-01T10:00:28+00:00","dateModified":"2024-09-25T10:52:59+00:00","breadcrumb":{"@id":"https:\/\/ajanossavoz.pt\/index.php\/objetivos-de-desenvolvimento-sustentavel-ods\/#breadcrumb"},"inLanguage":"pt-PT","potentialAction":[{"@type":"ReadAction","target":["https:\/\/ajanossavoz.pt\/index.php\/objetivos-de-desenvolvimento-sustentavel-ods\/"]}]},{"@type":"ImageObject","inLanguage":"pt-PT","@id":"https:\/\/ajanossavoz.pt\/index.php\/objetivos-de-desenvolvimento-sustentavel-ods\/#primaryimage","url":"https:\/\/ajanossavoz.pt\/wp-content\/uploads\/2024\/04\/WhatsApp-Image-2024-04-26-at-17.04.12.jpeg","contentUrl":"https:\/\/ajanossavoz.pt\/wp-content\/uploads\/2024\/04\/WhatsApp-Image-2024-04-26-at-17.04.12.jpeg","width":1530,"height":2040},{"@type":"BreadcrumbList","@id":"https:\/\/ajanossavoz.pt\/index.php\/objetivos-de-desenvolvimento-sustentavel-ods\/#breadcrumb","itemListElement":[{"@type":"ListItem","position":1,"name":"In\u00edcio","item":"https:\/\/ajanossavoz.pt\/"},{"@type":"ListItem","position":2,"name":"Objetivos de Desenvolvimento Sustent\u00e1vel (ODS)"}]},{"@type":"WebSite","@id":"https:\/\/ajanossavoz.pt\/#website","url":"https:\/\/ajanossavoz.pt\/","name":"Associa\u00e7\u00e3o Juvenil A Nossa Voz","description":"Sobre n\u00f3s: Somos uma associa\u00e7\u00e3o juvenil, sediada na Quinta do Conde, fundada a 26 de dezembro de 2022. O nosso objetivo \u00e9 que os jovens participem na comunidade.","publisher":{"@id":"https:\/\/ajanossavoz.pt\/#organization"},"alternateName":"A Nossa Voz","potentialAction":[{"@type":"SearchAction","target":{"@type":"EntryPoint","urlTemplate":"https:\/\/ajanossavoz.pt\/?s={search_term_string}"},"query-input":{"@type":"PropertyValueSpecification","valueRequired":true,"valueName":"search_term_string"}}],"inLanguage":"pt-PT"},{"@type":"Organization","@id":"https:\/\/ajanossavoz.pt\/#organization","name":"Associa\u00e7\u00e3o Juvenil A Nossa Voz","alternateName":"A Nossa Voz","url":"https:\/\/ajanossavoz.pt\/","logo":{"@type":"ImageObject","inLanguage":"pt-PT","@id":"https:\/\/ajanossavoz.pt\/#\/schema\/logo\/image\/","url":"https:\/\/ajanossavoz.pt\/wp-content\/uploads\/2024\/01\/cropped-A-Nossa-Voz-2-1-1.png","contentUrl":"https:\/\/ajanossavoz.pt\/wp-content\/uploads\/2024\/01\/cropped-A-Nossa-Voz-2-1-1.png","width":499,"height":479,"caption":"Associa\u00e7\u00e3o Juvenil A Nossa Voz"},"image":{"@id":"https:\/\/ajanossavoz.pt\/#\/schema\/logo\/image\/"},"sameAs":["https:\/\/www.facebook.com\/profile.php?id=100089819282874","https:\/\/www.instagram.com\/aj.anossavoz\/"]}]}},"_links":{"self":[{"href":"https:\/\/ajanossavoz.pt\/index.php\/wp-json\/wp\/v2\/pages\/390","targetHints":{"allow":["GET"]}}],"collection":[{"href":"https:\/\/ajanossavoz.pt\/index.php\/wp-json\/wp\/v2\/pages"}],"about":[{"href":"https:\/\/ajanossavoz.pt\/index.php\/wp-json\/wp\/v2\/types\/page"}],"author":[{"embeddable":true,"href":"https:\/\/ajanossavoz.pt\/index.php\/wp-json\/wp\/v2\/users\/1"}],"replies":[{"embeddable":true,"href":"https:\/\/ajanossavoz.pt\/index.php\/wp-json\/wp\/v2\/comments?post=390"}],"version-history":[{"count":3,"href":"https:\/\/ajanossavoz.pt\/index.php\/wp-json\/wp\/v2\/pages\/390\/revisions"}],"predecessor-version":[{"id":582,"href":"https:\/\/ajanossavoz.pt\/index.php\/wp-json\/wp\/v2\/pages\/390\/revisions\/582"}],"wp:attachment":[{"href":"https:\/\/ajanossavoz.pt\/index.php\/wp-json\/wp\/v2\/media?parent=390"}],"curies":[{"name":"wp","href":"https:\/\/api.w.org\/{rel}","templated":true}]}}