{"id":664,"date":"2024-11-13T12:39:59","date_gmt":"2024-11-13T12:39:59","guid":{"rendered":"https:\/\/ajanossavoz.pt\/?page_id=664"},"modified":"2024-12-02T14:46:24","modified_gmt":"2024-12-02T14:46:24","slug":"lixo-no-oceano","status":"publish","type":"page","link":"https:\/\/ajanossavoz.pt\/index.php\/lixo-no-oceano\/","title":{"rendered":"Lixo no Oceano"},"content":{"rendered":"\n<figure class=\"wp-block-image alignfull size-full\"><a href=\"https:\/\/heyzine.com\/flip-book\/c5dfa9c55d.html#page\/1\"><img fetchpriority=\"high\" decoding=\"async\" width=\"1131\" height=\"1600\" src=\"https:\/\/ajanossavoz.pt\/wp-content\/uploads\/2024\/12\/WhatsApp-Image-2024-11-13-at-13.22.04-1.jpeg\" alt=\"\" class=\"wp-image-671\" srcset=\"https:\/\/ajanossavoz.pt\/wp-content\/uploads\/2024\/12\/WhatsApp-Image-2024-11-13-at-13.22.04-1.jpeg 1131w, https:\/\/ajanossavoz.pt\/wp-content\/uploads\/2024\/12\/WhatsApp-Image-2024-11-13-at-13.22.04-1-212x300.jpeg 212w, https:\/\/ajanossavoz.pt\/wp-content\/uploads\/2024\/12\/WhatsApp-Image-2024-11-13-at-13.22.04-1-724x1024.jpeg 724w, https:\/\/ajanossavoz.pt\/wp-content\/uploads\/2024\/12\/WhatsApp-Image-2024-11-13-at-13.22.04-1-768x1086.jpeg 768w, https:\/\/ajanossavoz.pt\/wp-content\/uploads\/2024\/12\/WhatsApp-Image-2024-11-13-at-13.22.04-1-1086x1536.jpeg 1086w\" sizes=\"(max-width: 1131px) 100vw, 1131px\" \/><\/a><\/figure>\n\n\n\n<p><\/p>\n","protected":false},"excerpt":{"rendered":"","protected":false},"author":1,"featured_media":0,"parent":0,"menu_order":0,"comment_status":"closed","ping_status":"closed","template":"page-full-width.php","meta":{"_bbp_topic_count":0,"_bbp_reply_count":0,"_bbp_total_topic_count":0,"_bbp_total_reply_count":0,"_bbp_voice_count":0,"_bbp_anonymous_reply_count":0,"_bbp_topic_count_hidden":0,"_bbp_reply_count_hidden":0,"_bbp_forum_subforum_count":0,"_editorskit_title_hidden":false,"_editorskit_reading_time":0,"_editorskit_is_block_options_detached":false,"_editorskit_block_options_position":"{}","_eb_attr":"","footnotes":""},"class_list":["post-664","page","type-page","status-publish","hentry"],"yoast_head":"<!-- This site is optimized with the Yoast SEO plugin v26.6 - https:\/\/yoast.com\/wordpress\/plugins\/seo\/ -->\n<title>Lixo no Oceano - Associa\u00e7\u00e3o Juvenil A Nossa Voz<\/title>\n<meta name=\"description\" content=\"Sabias que o ser humano \u00e9 o principal causador de toda a polui\u00e7\u00e3o marinha, atrav\u00e9s do lixo que se faz nas praias ou nas ruas, res\u00edduos urbanos e at\u00e9 o derrame de petr\u00f3leo que ocorre no mar faz com que todo o oceano fique polu\u00eddo e os nossos animais contaminados.\" \/>\n<meta name=\"robots\" content=\"index, follow, max-snippet:-1, max-image-preview:large, max-video-preview:-1\" \/>\n<link rel=\"canonical\" href=\"https:\/\/ajanossavoz.pt\/index.php\/lixo-no-oceano\/\" \/>\n<meta property=\"og:locale\" content=\"pt_PT\" \/>\n<meta property=\"og:type\" content=\"article\" \/>\n<meta property=\"og:title\" content=\"Lixo no Oceano - Associa\u00e7\u00e3o Juvenil A Nossa Voz\" \/>\n<meta property=\"og:description\" content=\"Sabias que o ser humano \u00e9 o principal causador de toda a polui\u00e7\u00e3o marinha, atrav\u00e9s do lixo que se faz nas praias ou nas ruas, res\u00edduos urbanos e at\u00e9 o derrame de petr\u00f3leo que ocorre no mar faz com que todo o oceano fique polu\u00eddo e os nossos animais contaminados.\" \/>\n<meta property=\"og:url\" content=\"https:\/\/ajanossavoz.pt\/index.php\/lixo-no-oceano\/\" \/>\n<meta property=\"og:site_name\" content=\"Associa\u00e7\u00e3o Juvenil A Nossa Voz\" \/>\n<meta property=\"article:publisher\" content=\"https:\/\/www.facebook.com\/profile.php?id=100089819282874\" \/>\n<meta property=\"article:modified_time\" content=\"2024-12-02T14:46:24+00:00\" \/>\n<meta property=\"og:image\" content=\"https:\/\/ajanossavoz.pt\/wp-content\/uploads\/2024\/12\/WhatsApp-Image-2024-11-13-at-13.22.04-1.jpeg\" \/>\n\t<meta property=\"og:image:width\" content=\"1131\" \/>\n\t<meta property=\"og:image:height\" content=\"1600\" \/>\n\t<meta property=\"og:image:type\" content=\"image\/jpeg\" \/>\n<meta name=\"twitter:card\" content=\"summary_large_image\" \/>\n<meta name=\"twitter:label1\" content=\"Tempo estimado de leitura\" \/>\n\t<meta name=\"twitter:data1\" content=\"1 minuto\" \/>\n<script type=\"application\/ld+json\" class=\"yoast-schema-graph\">{\"@context\":\"https:\/\/schema.org\",\"@graph\":[{\"@type\":\"WebPage\",\"@id\":\"https:\/\/ajanossavoz.pt\/index.php\/lixo-no-oceano\/\",\"url\":\"https:\/\/ajanossavoz.pt\/index.php\/lixo-no-oceano\/\",\"name\":\"Lixo no Oceano - Associa\u00e7\u00e3o Juvenil A Nossa Voz\",\"isPartOf\":{\"@id\":\"https:\/\/ajanossavoz.pt\/#website\"},\"primaryImageOfPage\":{\"@id\":\"https:\/\/ajanossavoz.pt\/index.php\/lixo-no-oceano\/#primaryimage\"},\"image\":{\"@id\":\"https:\/\/ajanossavoz.pt\/index.php\/lixo-no-oceano\/#primaryimage\"},\"thumbnailUrl\":\"https:\/\/ajanossavoz.pt\/wp-content\/uploads\/2024\/12\/WhatsApp-Image-2024-11-13-at-13.22.04-1.jpeg\",\"datePublished\":\"2024-11-13T12:39:59+00:00\",\"dateModified\":\"2024-12-02T14:46:24+00:00\",\"description\":\"Sabias que o ser humano \u00e9 o principal causador de toda a polui\u00e7\u00e3o marinha, atrav\u00e9s do lixo que se faz nas praias ou nas ruas, res\u00edduos urbanos e at\u00e9 o derrame de petr\u00f3leo que ocorre no mar faz com que todo o oceano fique polu\u00eddo e os nossos animais contaminados.\",\"breadcrumb\":{\"@id\":\"https:\/\/ajanossavoz.pt\/index.php\/lixo-no-oceano\/#breadcrumb\"},\"inLanguage\":\"pt-PT\",\"potentialAction\":[{\"@type\":\"ReadAction\",\"target\":[\"https:\/\/ajanossavoz.pt\/index.php\/lixo-no-oceano\/\"]}]},{\"@type\":\"ImageObject\",\"inLanguage\":\"pt-PT\",\"@id\":\"https:\/\/ajanossavoz.pt\/index.php\/lixo-no-oceano\/#primaryimage\",\"url\":\"https:\/\/ajanossavoz.pt\/wp-content\/uploads\/2024\/12\/WhatsApp-Image-2024-11-13-at-13.22.04-1.jpeg\",\"contentUrl\":\"https:\/\/ajanossavoz.pt\/wp-content\/uploads\/2024\/12\/WhatsApp-Image-2024-11-13-at-13.22.04-1.jpeg\",\"width\":1131,\"height\":1600},{\"@type\":\"BreadcrumbList\",\"@id\":\"https:\/\/ajanossavoz.pt\/index.php\/lixo-no-oceano\/#breadcrumb\",\"itemListElement\":[{\"@type\":\"ListItem\",\"position\":1,\"name\":\"In\u00edcio\",\"item\":\"https:\/\/ajanossavoz.pt\/\"},{\"@type\":\"ListItem\",\"position\":2,\"name\":\"Lixo no Oceano\"}]},{\"@type\":\"WebSite\",\"@id\":\"https:\/\/ajanossavoz.pt\/#website\",\"url\":\"https:\/\/ajanossavoz.pt\/\",\"name\":\"Associa\u00e7\u00e3o Juvenil A Nossa Voz\",\"description\":\"Sobre n\u00f3s: Somos uma associa\u00e7\u00e3o juvenil, sediada na Quinta do Conde, fundada a 26 de dezembro de 2022. O nosso objetivo \u00e9 que os jovens participem na comunidade.\",\"publisher\":{\"@id\":\"https:\/\/ajanossavoz.pt\/#organization\"},\"alternateName\":\"A Nossa Voz\",\"potentialAction\":[{\"@type\":\"SearchAction\",\"target\":{\"@type\":\"EntryPoint\",\"urlTemplate\":\"https:\/\/ajanossavoz.pt\/?s={search_term_string}\"},\"query-input\":{\"@type\":\"PropertyValueSpecification\",\"valueRequired\":true,\"valueName\":\"search_term_string\"}}],\"inLanguage\":\"pt-PT\"},{\"@type\":\"Organization\",\"@id\":\"https:\/\/ajanossavoz.pt\/#organization\",\"name\":\"Associa\u00e7\u00e3o Juvenil A Nossa Voz\",\"alternateName\":\"A Nossa Voz\",\"url\":\"https:\/\/ajanossavoz.pt\/\",\"logo\":{\"@type\":\"ImageObject\",\"inLanguage\":\"pt-PT\",\"@id\":\"https:\/\/ajanossavoz.pt\/#\/schema\/logo\/image\/\",\"url\":\"https:\/\/ajanossavoz.pt\/wp-content\/uploads\/2024\/01\/cropped-A-Nossa-Voz-2-1-1.png\",\"contentUrl\":\"https:\/\/ajanossavoz.pt\/wp-content\/uploads\/2024\/01\/cropped-A-Nossa-Voz-2-1-1.png\",\"width\":499,\"height\":479,\"caption\":\"Associa\u00e7\u00e3o Juvenil A Nossa Voz\"},\"image\":{\"@id\":\"https:\/\/ajanossavoz.pt\/#\/schema\/logo\/image\/\"},\"sameAs\":[\"https:\/\/www.facebook.com\/profile.php?id=100089819282874\",\"https:\/\/www.instagram.com\/aj.anossavoz\/\"]}]}<\/script>\n<!-- \/ Yoast SEO plugin. -->","yoast_head_json":{"title":"Lixo no Oceano - Associa\u00e7\u00e3o Juvenil A Nossa Voz","description":"Sabias que o ser humano \u00e9 o principal causador de toda a polui\u00e7\u00e3o marinha, atrav\u00e9s do lixo que se faz nas praias ou nas ruas, res\u00edduos urbanos e at\u00e9 o derrame de petr\u00f3leo que ocorre no mar faz com que todo o oceano fique polu\u00eddo e os nossos animais contaminados.","robots":{"index":"index","follow":"follow","max-snippet":"max-snippet:-1","max-image-preview":"max-image-preview:large","max-video-preview":"max-video-preview:-1"},"canonical":"https:\/\/ajanossavoz.pt\/index.php\/lixo-no-oceano\/","og_locale":"pt_PT","og_type":"article","og_title":"Lixo no Oceano - Associa\u00e7\u00e3o Juvenil A Nossa Voz","og_description":"Sabias que o ser humano \u00e9 o principal causador de toda a polui\u00e7\u00e3o marinha, atrav\u00e9s do lixo que se faz nas praias ou nas ruas, res\u00edduos urbanos e at\u00e9 o derrame de petr\u00f3leo que ocorre no mar faz com que todo o oceano fique polu\u00eddo e os nossos animais contaminados.","og_url":"https:\/\/ajanossavoz.pt\/index.php\/lixo-no-oceano\/","og_site_name":"Associa\u00e7\u00e3o Juvenil A Nossa Voz","article_publisher":"https:\/\/www.facebook.com\/profile.php?id=100089819282874","article_modified_time":"2024-12-02T14:46:24+00:00","og_image":[{"width":1131,"height":1600,"url":"https:\/\/ajanossavoz.pt\/wp-content\/uploads\/2024\/12\/WhatsApp-Image-2024-11-13-at-13.22.04-1.jpeg","type":"image\/jpeg"}],"twitter_card":"summary_large_image","twitter_misc":{"Tempo estimado de leitura":"1 minuto"},"schema":{"@context":"https:\/\/schema.org","@graph":[{"@type":"WebPage","@id":"https:\/\/ajanossavoz.pt\/index.php\/lixo-no-oceano\/","url":"https:\/\/ajanossavoz.pt\/index.php\/lixo-no-oceano\/","name":"Lixo no Oceano - Associa\u00e7\u00e3o Juvenil A Nossa Voz","isPartOf":{"@id":"https:\/\/ajanossavoz.pt\/#website"},"primaryImageOfPage":{"@id":"https:\/\/ajanossavoz.pt\/index.php\/lixo-no-oceano\/#primaryimage"},"image":{"@id":"https:\/\/ajanossavoz.pt\/index.php\/lixo-no-oceano\/#primaryimage"},"thumbnailUrl":"https:\/\/ajanossavoz.pt\/wp-content\/uploads\/2024\/12\/WhatsApp-Image-2024-11-13-at-13.22.04-1.jpeg","datePublished":"2024-11-13T12:39:59+00:00","dateModified":"2024-12-02T14:46:24+00:00","description":"Sabias que o ser humano \u00e9 o principal causador de toda a polui\u00e7\u00e3o marinha, atrav\u00e9s do lixo que se faz nas praias ou nas ruas, res\u00edduos urbanos e at\u00e9 o derrame de petr\u00f3leo que ocorre no mar faz com que todo o oceano fique polu\u00eddo e os nossos animais contaminados.","breadcrumb":{"@id":"https:\/\/ajanossavoz.pt\/index.php\/lixo-no-oceano\/#breadcrumb"},"inLanguage":"pt-PT","potentialAction":[{"@type":"ReadAction","target":["https:\/\/ajanossavoz.pt\/index.php\/lixo-no-oceano\/"]}]},{"@type":"ImageObject","inLanguage":"pt-PT","@id":"https:\/\/ajanossavoz.pt\/index.php\/lixo-no-oceano\/#primaryimage","url":"https:\/\/ajanossavoz.pt\/wp-content\/uploads\/2024\/12\/WhatsApp-Image-2024-11-13-at-13.22.04-1.jpeg","contentUrl":"https:\/\/ajanossavoz.pt\/wp-content\/uploads\/2024\/12\/WhatsApp-Image-2024-11-13-at-13.22.04-1.jpeg","width":1131,"height":1600},{"@type":"BreadcrumbList","@id":"https:\/\/ajanossavoz.pt\/index.php\/lixo-no-oceano\/#breadcrumb","itemListElement":[{"@type":"ListItem","position":1,"name":"In\u00edcio","item":"https:\/\/ajanossavoz.pt\/"},{"@type":"ListItem","position":2,"name":"Lixo no Oceano"}]},{"@type":"WebSite","@id":"https:\/\/ajanossavoz.pt\/#website","url":"https:\/\/ajanossavoz.pt\/","name":"Associa\u00e7\u00e3o Juvenil A Nossa Voz","description":"Sobre n\u00f3s: Somos uma associa\u00e7\u00e3o juvenil, sediada na Quinta do Conde, fundada a 26 de dezembro de 2022. O nosso objetivo \u00e9 que os jovens participem na comunidade.","publisher":{"@id":"https:\/\/ajanossavoz.pt\/#organization"},"alternateName":"A Nossa Voz","potentialAction":[{"@type":"SearchAction","target":{"@type":"EntryPoint","urlTemplate":"https:\/\/ajanossavoz.pt\/?s={search_term_string}"},"query-input":{"@type":"PropertyValueSpecification","valueRequired":true,"valueName":"search_term_string"}}],"inLanguage":"pt-PT"},{"@type":"Organization","@id":"https:\/\/ajanossavoz.pt\/#organization","name":"Associa\u00e7\u00e3o Juvenil A Nossa Voz","alternateName":"A Nossa Voz","url":"https:\/\/ajanossavoz.pt\/","logo":{"@type":"ImageObject","inLanguage":"pt-PT","@id":"https:\/\/ajanossavoz.pt\/#\/schema\/logo\/image\/","url":"https:\/\/ajanossavoz.pt\/wp-content\/uploads\/2024\/01\/cropped-A-Nossa-Voz-2-1-1.png","contentUrl":"https:\/\/ajanossavoz.pt\/wp-content\/uploads\/2024\/01\/cropped-A-Nossa-Voz-2-1-1.png","width":499,"height":479,"caption":"Associa\u00e7\u00e3o Juvenil A Nossa Voz"},"image":{"@id":"https:\/\/ajanossavoz.pt\/#\/schema\/logo\/image\/"},"sameAs":["https:\/\/www.facebook.com\/profile.php?id=100089819282874","https:\/\/www.instagram.com\/aj.anossavoz\/"]}]}},"_links":{"self":[{"href":"https:\/\/ajanossavoz.pt\/index.php\/wp-json\/wp\/v2\/pages\/664","targetHints":{"allow":["GET"]}}],"collection":[{"href":"https:\/\/ajanossavoz.pt\/index.php\/wp-json\/wp\/v2\/pages"}],"about":[{"href":"https:\/\/ajanossavoz.pt\/index.php\/wp-json\/wp\/v2\/types\/page"}],"author":[{"embeddable":true,"href":"https:\/\/ajanossavoz.pt\/index.php\/wp-json\/wp\/v2\/users\/1"}],"replies":[{"embeddable":true,"href":"https:\/\/ajanossavoz.pt\/index.php\/wp-json\/wp\/v2\/comments?post=664"}],"version-history":[{"count":5,"href":"https:\/\/ajanossavoz.pt\/index.php\/wp-json\/wp\/v2\/pages\/664\/revisions"}],"predecessor-version":[{"id":790,"href":"https:\/\/ajanossavoz.pt\/index.php\/wp-json\/wp\/v2\/pages\/664\/revisions\/790"}],"wp:attachment":[{"href":"https:\/\/ajanossavoz.pt\/index.php\/wp-json\/wp\/v2\/media?parent=664"}],"curies":[{"name":"wp","href":"https:\/\/api.w.org\/{rel}","templated":true}]}}